81 + 917. List the prime factors of b.
2, 863
Suppose -93279 + 661911 = 152*a. What are the prime factors of a?
3, 29, 43
Let u(j) = -53*j - 134. Let i = 545 - 554. List the prime factors of u(i).
7
List the prime factors of (2 - 9/2)/((-105)/1165290).
5, 31, 179
Suppose 3*z + 2*y = -3*y + 25, 2*z + 3*y - 16 = 0. Suppose -5*o + z*t = -1110, -3*t + 75 = o - 163. Suppose 2*d - o = -12. What are the prime factors of d?
107
Let f(p) = -2*p**3 + 15*p**2 + 2*p - 6. Let x(g) = -6*g + 31. Let k be x(4). What are the prime factors of f(k)?
3, 19
Let t(d) = d - 2. Let h be t(6). Suppose 2*g - 3*b = -3, -h*g + 2*b + 3 = 5*b. List the prime factors of (g + 1)*0 + 27*1.
3
What are the prime factors of 2*((-375)/10)/15 - -2385?
2, 5, 7, 17
Let p = 814 - 814. Suppose b - 4341 = -3*f, p*b = 4*f + 4*b - 5788. What are the prime factors of f?
1447
Suppose 0 = 259*p - 244*p - 44523 - 111012. What are the prime factors of p?
10369
Suppose 168*m - 175*m + 28 = 0. Suppose -3*l = m*a - 5008, 0*l + 1252 = a + l. What are the prime factors of a?
2, 313
Let h(d) = d**3 - 28*d**2 - 26*d + 21. Let l be h(29). What are the prime factors of (-72)/l - (-2854)/6?
5, 19
What are the prime factors of (-5 + 1)*(100440/((-90)/10) + 10)?
2, 5, 223
Let n(k) = 6*k**3 + 2*k**2 - 9*k - 5. Let z(d) = -6*d**3 - 2*d**2 + 9*d + 5. Let t(f) = 2*n(f) + 3*z(f). List the prime factors of t(-4).
3, 107
Let i = 46727 + -31694. List the prime factors of i.
3, 5011
What are the prime factors of (-101055)/(-4) + (-392)/224?
2, 17, 743
Let y = -6263 - -6171. Let f = 203 - 24. Let r = f + y. What are the prime factors of r?
3, 29
Let m(h) = 11*h - 77. Let i be m(13). Suppose -c = i - 139. List the prime factors of c.
73
Let k = 19855 + -10054. What are the prime factors of k?
3, 11
Suppose -6897*t + 6918*t = 341292. What are the prime factors of t?
2, 17, 239
List the prime factors of 1460382/44 + (-30)/(-4).
2, 3, 11, 503
Suppose 0 = -22*d + 43042 - 890. Suppose -2*c + 1900 = 5*k, 3*c - 3*k = c + d. List the prime factors of c.
5, 191
Suppose 153574 = 111*s - 216944. List the prime factors of s.
2, 1669
Let p = -14262 + 27838. What are the prime factors of p?
2, 1697
Let d(f) = f + 3. Let a be d(-3). Suppose 2*v + 3*u = -a*u + 49, 4*u + 48 = 3*v. Suppose 4*g = -2*q + 10, 2*g + v = 4*q - 30. List the prime factors of q.
11
Suppose -500*h + 6 = -498*h. Suppose 710 = -h*p + 2066. List the prime factors of p.
2, 113
Let t be 5/(-2)*(28 - 3 - 1). Let w = t - -52. List the prime factors of (-643)/w + (-9)/24.
2, 5
Let r = -356 - -167. Let h = r - -281. Suppose -9 = -q + h. What are the prime factors of q?
101
Let a(o) = -115*o + 94. Let c(n) = -n**3 + 8*n**2 + 9*n - 3. Let p be c(9). List the prime factors of a(p).
439
Suppose -2*q + 14 = 0, 5*a + 121*q - 330120 = 126*q. What are the prime factors of a?
7, 9433
List the prime factors of 16361*3 - 26/((-1326)/561).
2, 24547
Let r(o) = 1465*o**2 + 455*o - 6. List the prime factors of r(-4).
2, 101, 107
Suppose 0 = 5*i - 25, -3*w + 0*w + 4081 = -i. Suppose -15*b = -3453 - w. What are the prime factors of b?
3, 107
Suppose 5*r = -2*j + 5, 7*j + 3 = 3*j + 3*r. Suppose j = 2*h - 8, h + 260 = -3*a + 5*a. What are the prime factors of a?
2, 3, 11
Let z(r) be the second derivative of -5*r**3/2 + r**2 - 171*r. Let x(w) = -w - 2. Let m be x(5). List the prime factors of z(m).
107
Let p(l) = -3*l**2 + 36*l - 9. Let v(z) = -z**2 + 18*z - 4. Let y(u) = 2*p(u) - 5*v(u). Let a be 27*1*6/(-9). List the prime factors of y(a).
2
Let y be ((-176)/(-3))/((-13)/1053*-9). Suppose 523*j - y*j + 5300 = 0. What are the prime factors of j?
2, 5, 53
Suppose -z - 98 = -5*v, -2*z + 49 - 236 = -v. Let h = 691 + z. What are the prime factors of h?
2, 13, 23
Suppose 2*b - 7*b - 2*d + 323 = 0, -3*b = -d - 196. Let f = b - -15. List the prime factors of f.
2, 5
Suppose 5*h = -2*t + 43, -77 = -3*t - 2*h + 7*h. What are the prime factors of t*2*2/4*7?
2, 3, 7
Let p = -13941 + 27077. What are the prime factors of p?
2, 821
Let a(z) = -6*z**2 + 18*z + 2. Let i be a(3). Let s be 1/(12/9*i/8). Suppose -4*r + s*r + 2*d = -65, 5*r + 5*d = 400. List the prime factors of r.
3, 5
Let l be (-176)/(-14) - 9/(-21). Let u(z) = 2*z - 28. Let v be u(l). What are the prime factors of 10 - -2*1/v?
3
Let s(i) = -i**3 - 4*i**2 + 22*i + 13. Let q be s(-7). What are the prime factors of (q*4/(-14))/((-18)/2394)?
2, 3, 19
Let r be (1/(-3))/(1/(-6))*-1. Let m(a) = 4*a - 2. Let s be m(r). What are the prime factors of (-5)/10*1*s?
5
Let q = 7750 + 16650. List the prime factors of q.
2, 5, 61
Let g be 9/6 + (-3)/(-2). Suppose -g*x = 5*x - 24. Suppose -2*l - 2*l - 88 = -4*j, 2*l + 63 = x*j. List the prime factors of j.
19
Suppose -q + 8 = -3*h, -4*q + 34 = 3*h + 2. Suppose q*s = -236 + 1524. What are the prime factors of s?
7, 23
Suppose 3*a + 1143 = o, 4*o - 6756 = -3*a - 2199. Suppose -4*h = h - o. What are the prime factors of h?
2, 3, 19
Let h(m) = 3*m**2. Let y be h(4). Let g = -44 + y. Suppose -56 = -q + 2*z + 21, 0 = -g*z - 8. What are the prime factors of q?
73
Suppose 2*b = 2, 6*k - 4 = 5*k - 4*b. Let o(g) = g**2 + 4*g - 6. Let y be o(-6). Suppose k = y*t - t - 370. List the prime factors of t.
2, 37
Let w be -1*2/2 - (0 + -351). Suppose w = 3*i - 8*i. Let x = i + 230. What are the prime factors of x?
2, 5
Suppose 127*o - 1012374 = 10865. What are the prime factors of o?
7, 1151
Let r(n) be the first derivative of 6*n**2 - 35 + 2/3*n**3 - 6*n. What are the prime factors of r(-11)?
2, 13
Let j = -20 + 24. Suppose 417 = g - 5*q, q + 1955 - 211 = j*g. What are the prime factors of g?
19, 23
Let j be ((-2)/(-5) - 2)/(30/(-2175)). Suppose s - 239 - j = 0. List the prime factors of s.
5, 71
Let m be -1 + (-4 - (5 - 11)). Let u be (m - 0)*(0 - -2). List the prime factors of u/2*3 - (12 - 160).
151
Suppose 0 = s - 218 + 21. Let t = s + -31. What are the prime factors of t?
2, 83
Let h(m) = 9*m**2 + 536*m - 505. List the prime factors of h(-102).
38459
Let f = 1009 + -466. Suppose -4*d + 1939 = -2*y - 275, -3*y = d - f. List the prime factors of d.
2, 3, 23
Suppose 0 = 3*o - 2*o - 3, -2*b + 1616 = 2*o. What are the prime factors of b?
5, 7, 23
Let i = 7 - 8. Let y be 2 + -3 + (i - -3). Suppose -4*j + 48 = 5*v, 3*j = 2*j - 4*v + y. What are the prime factors of j?
17
Let q be (-28)/10 + 3 - 906/5. Let p = 3 - q. Suppose -1 = -5*s - 4*u + p, 2*s + 2*u = 74. What are the prime factors of s?
37
Let q be -1 - (-3)/3*3. Suppose -q*n - 466 = -3*d, -4*d + 3*n + 776 = d. List the prime factors of d.
2, 7, 11
Let z(r) = -18*r + 419. Let k be z(23). Let v be (-434)/8*(-4 + 0). Suppose -2*t + v = -k*p, 4*t = 6*t + p - 187. List the prime factors of t.
2, 3
Suppose -65 + 92 = z. Suppose -h + 25 = z. What are the prime factors of h/(-5) + 579/15 + -1?
2, 19
Suppose -14 + 0 = -7*j. Let b(z) = 17*z + 12 + z**j - 9 - 4*z. What are the prime factors of b(-13)?
3
Let a(m) = -179*m**2 + 8*m - 1. Let p(u) = 179*u**2 - 7*u. Let r(z) = 5*a(z) + 6*p(z). List the prime factors of r(-2).
5, 11, 13
Let a be -1 + 454 + (105/(-15) - -6). List the prime factors of -5 + 3 + 1 + a + 5.
2, 3, 19
Let h = -1614 - -2788. Suppose 5705 = h*r - 1167*r. What are the prime factors of r?
5, 163
Let i = 1722 + 52. What are the prime factors of i?
2, 887
Let z = 596 + -574. Suppose z*t - 24*t + 348 = 0. List the prime factors of t.
2, 3, 29
Let w(c) = -48*c + 9. Let p = 87 + -56. Suppose -26*r + 15 = -p*r. List the prime factors of w(r).
3, 17
Let j = -142 - -146. Suppose 4*v + 648 = j*f - 0*v, -819 = -5*f + 2*v. What are the prime factors of f?
3, 5, 11
Let j = -492 - -496. Suppose j*v + 4*c = 3980, 5*v + 0*c = -4*c + 4976. What are the prime factors of v?
2, 3, 83
Let a(c) = c**2 + 12*c - 7. Let q be a(-10). Suppose 4 = -g - 5*h - 16, -220 = 5*g + h. Let m = q - g. List the prime factors of m.
2, 3
Let c = 113 - 213. Let a(f) = -f - 5. Let l be a(-5). List the prime factors of 8 - 13 - (l + c).
5, 19
Let p(x) = 2*x - 20. Let l be p(13). Let z(v) = -85*v + 100. Let u(o) = -42*o + 49. Let c(n) = -9*u(n) + 4*z(n). What are the prime factors of c(l)?
11, 17
Suppose -56 = -2*v - v + 2*l, -4 = v + 5*l. Suppose -v*b + 9*b = -189. List the prime factors of b.
3
Let y = -84 - 38. Let b = -123 - y. Let v(c) = 147*c**2 - c - 1. List the prime factors of v(b).
3,